on factor of 62 and 11749.
31
Calculate the greatest common divisor of 3948 and 28.
28
Calculate the highest common factor of 486 and 18.
18
Calculate the highest common divisor of 7153 and 46.
23
What is the highest common divisor of 189 and 2205?
63
What is the greatest common divisor of 152 and 8?
8
What is the highest common factor of 975 and 20865?
195
What is the highest common factor of 32 and 776?
8
What is the highest common divisor of 741 and 65?
13
What is the highest common divisor of 1170 and 104?
26
What is the highest common divisor of 105 and 3549?
21
Calculate the greatest common factor of 385 and 154.
77
Calculate the greatest common divisor of 21 and 966.
21
Calculate the highest common divisor of 92 and 6.
2
What is the greatest common divisor of 323 and 34?
17
What is the highest common divisor of 13609 and 155?
31
What is the highest common factor of 2905 and 166?
83
Calculate the greatest common divisor of 36 and 168.
12
Calculate the highest common divisor of 76 and 5738.
38
What is the greatest common factor of 989 and 1863?
23
Calculate the greatest common divisor of 3 and 240.
3
Calculate the greatest common factor of 38 and 133.
19
Calculate the greatest common divisor of 20 and 3550.
10
What is the greatest common factor of 38 and 38?
38
What is the highest common divisor of 13 and 40443?
13
Calculate the greatest common divisor of 95 and 5.
5
What is the greatest common divisor of 40 and 260?
20
What is the greatest common divisor of 29 and 87?
29
Calculate the greatest common factor of 2 and 1042.
2
What is the highest common divisor of 190 and 23085?
95
Calculate the highest common factor of 209 and 1007.
19
What is the highest common divisor of 135 and 9?
9
Calculate the highest common divisor of 342 and 418.
38
Calculate the highest common divisor of 432 and 126.
18
What is the highest common factor of 582 and 14356?
194
Calculate the greatest common divisor of 8 and 232.
8
What is the highest common factor of 5 and 25835?
5
Calculate the greatest common factor of 32 and 17312.
32
What is the greatest common divisor of 75 and 400?
25
What is the greatest common divisor of 115 and 94645?
115
Calculate the highest common divisor of 108 and 441.
9
Calculate the highest common divisor of 702 and 108.
54
Calculate the highest common divisor of 56 and 8.
8
Calculate the highest common divisor of 31 and 372.
31
Calculate the highest common factor of 1351 and 14.
7
What is the greatest common factor of 90 and 1782?
18
What is the highest common factor of 532 and 114?
38
What is the greatest common factor of 144 and 16?
16
What is the highest common factor of 80 and 2480?
80
Calculate the highest common factor of 177 and 59.
59
Calculate the highest common divisor of 1957 and 103.
103
What is the greatest common divisor of 672 and 294?
42
Calculate the highest common divisor of 10140 and 40.
20
Calculate the highest common divisor of 1525 and 61.
61
What is the greatest common factor of 12 and 708?
12
What is the highest common factor of 207 and 736?
23
Calculate the highest common divisor of 17 and 510.
17
What is the greatest common factor of 10 and 386?
2
What is the highest common factor of 266 and 114?
38
Calculate the highest common factor of 1728 and 2268.
108
What is the highest common factor of 966 and 138?
138
What is the greatest common factor of 2108 and 68?
68
What is the greatest common factor of 11 and 22?
11
What is the highest common divisor of 32 and 800?
32
Calculate the highest common factor of 53691 and 11.
11
What is the highest common divisor of 5555 and 440?
55
Calculate the greatest common factor of 120 and 2310.
30
What is the highest common divisor of 1891 and 61?
61
Calculate the highest common factor of 235 and 10810.
235
Calculate the greatest common factor of 408 and 476.
68
What is the greatest common divisor of 12 and 12?
12
Calculate the highest common factor of 2184 and 336.
168
Calculate the highest common divisor of 125 and 20.
5
Calculate the highest common divisor of 84 and 3444.
84
Calculate the highest common divisor of 26 and 1261.
13
What is the highest common divisor of 14336 and 28?
28
What is the greatest common divisor of 5235 and 30?
15
Calculate the greatest common factor of 110 and 242.
22
Calculate the greatest common factor of 152 and 38.
38
Calculate the greatest common divisor of 57213 and 234.
117
Calculate the highest common factor of 88 and 484.
44
What is the greatest common divisor of 177 and 6?
3
What is the highest common divisor of 2825 and 725?
25
What is the greatest common factor of 216 and 24?
24
What is the highest common divisor of 9 and 405?
9
Calculate the greatest common divisor of 9 and 27.
9
Calculate the greatest common divisor of 110 and 66.
22
What is the greatest common divisor of 1 and 4?
1
What is the highest common factor of 671 and 183?
61
What is the greatest common divisor of 24 and 1416?
24
Calculate the greatest common factor of 1284 and 1032.
12
Calculate the greatest common divisor of 520 and 120.
40
Calculate the greatest common divisor of 2 and 886.
2
Calculate the greatest common divisor of 36 and 264.
12
Calculate the greatest common factor of 287 and 7.
7
What is the greatest common divisor of 180 and 324?
36
What is the greatest common divisor of 2941 and 17?
17
Calculate the greatest common factor of 45 and 99.
9
What is the greatest common divisor of 75 and 42?
3
Calculate the highest common factor of 225 and 135.
45
Calculate the greatest common factor of 4331 and 71.
71
What is the highest common factor of 316 and 6478?
158
What is the highest common factor of 66 and 3?
3
What is the highest common divisor of 10 and 8?
2
What is the highest common divisor of 530 and 50?
10
What is the highest common divisor of 4628 and 416?
52
Calculate the greatest common factor of 42 and 16086.
42
Calculate the highest common divisor of 221 and 52.
13
What is the greatest common divisor of 1422 and 72?
18
What is the greatest common factor of 13 and 1807?
13
Calculate the greatest common divisor of 350 and 105.
35
Calculate the highest common factor of 24 and 876.
12
Calculate the highest common divisor of 64 and 4.
4
Calculate the greatest common divisor of 5056 and 711.
79
Calculate the highest common divisor of 15 and 327.
3
What is the highest common factor of 1791 and 9?
9
Calculate the greatest common divisor of 72 and 252.
36
What is the greatest common factor of 5909 and 19?
19
What is the highest common divisor of 448 and 64?
64
What is the greatest common divisor of 72 and 45?
9
What is the greatest common divisor of 17136 and 102?
102
What is the greatest common divisor of 348 and 9?
3
Calculate the highest common divisor of 345 and 9545.
115
Calculate the highest common divisor of 49 and 203.
7
What is the greatest common divisor of 4154 and 124?
62
What is the greatest common factor of 11724 and 12?
12
Calculate the highest common divisor of 110 and 935.
55
Calculate the greatest common divisor of 364 and 91.
91
Calculate the highest common divisor of 99 and 1287.
99
Calculate the highest common divisor of 33 and 2409.
33
What is the greatest common factor of 2125 and 170?
85
What is the greatest common factor of 80 and 310?
10
Calculate the highest common divisor of 1328 and 4.
4
What is the highest common factor of 935 and 220?
55
What is the highest common divisor of 24737 and 29?
29
What is the greatest common divisor of 13 and 1157?
13
What is the highest common factor of 3072 and 32?
32
What is the greatest common divisor of 144 and 9?
9
Calculate the greatest common divisor of 20 and 670.
10
What is the highest common factor of 2497 and 11?
11
What is the greatest common factor of 104 and 650?
26
What is the greatest common factor of 2871 and 297?
99
What is the highest common divisor of 2325 and 75?
75
What is the greatest common divisor of 2291 and 79?
79
Calculate the highest common factor of 224 and 322.
14
What is the greatest common factor of 450 and 102?
6
Calculate the highest common factor of 224 and 329.
7
What is the highest common factor of 1431 and 27?
27
What is the greatest common divisor of 34 and 274?
2
Calculate the greatest common divisor of 81 and 837.
27
Calculate the greatest common factor of